 + 3*h + 13. Let j be y(0). What is the remainder when 220 is divided by s(j)?
52
Let f = 540 - 522. Suppose -6*i + 122 = -64. What is the remainder when i is divided by f?
13
Calculate the remainder when (352/40)/(((-2)/360)/((-6)/16)) is divided by 214.
166
What is the remainder when 139 is divided by 3/(3/(-8)) - (-2695)/49?
45
Let w be 6*4*(-7)/168. What is the remainder when 47 is divided by (-2 - (w - -2))*-1?
2
Let s(k) be the first derivative of 5*k**3/3 + k**2 + 6*k - 55. Suppose -4*u = -20 - 72. Calculate the remainder when u is divided by s(0).
5
Let m(l) = 3*l**3 - 23*l**2 - 14*l + 9. Let a be m(9). Suppose -y + 3*b = -77, -3*y + b + 0*b = -a. What is the remainder when y is divided by 17?
0
Let s(y) = -69*y**3 - 3*y**2 + 3*y - 1. Let b be s(1). Calculate the remainder when 123 is divided by b/(-3)*(-81)/(-45).
39
What is the remainder when ((-10)/(-4))/(805/128478) is divided by 45?
39
Let d = -47 + 0. Let l = d + 110. Let m = l + -20. What is the remainder when 127 is divided by m?
41
Let y = 32971 - 31358. Calculate the remainder when y is divided by 403.
1
Let y = -1992 + 2193. Calculate the remainder when y is divided by 90.
21
Let b(f) = -1 + 0*f - f - f + 0*f. What is the remainder when (2 - (-3)/(-2))*82 is divided by b(-6)?
8
Calculate the remainder when 2432 is divided by (-2)/(7/(-23667)*14).
17
Let i be (9 + -5 + -10)*146/6. Let b = i + 324. Calculate the remainder when b is divided by 13.
9
What is the remainder when 64 is divided by (-135)/(-6)*14/21?
4
Suppose -13*u - 13*u = -31070. Suppose 91 = -12*s + u. Calculate the remainder when s is divided by 44.
4
Let v = 1047 + -998. Let f(a) = 5*a + 84. Calculate the remainder when v is divided by f(-15).
4
Suppose 21*i - 29*i + 264 = 0. Let v = -402 - -423. Calculate the remainder when i is divided by v.
12
Let u(v) = -352*v - 2. Let g be u(-1). Let d = -209 + g. Calculate the remainder when d is divided by 18.
15
Suppose -128*s + 132*s = 16. Suppose s*p + 648 = 5*u + p, -3*p = -4*u + 519. What is the remainder when u is divided by 44?
41
Let d(f) = 43*f - 3. Suppose -18*x + 12 = -12*x. Calculate the remainder when d(x) is divided by 17.
15
Let d(z) = z**3 - 13*z**2 - 66*z + 53. What is the remainder when 268 is divided by d(17)?
7
Let y(t) = 2*t**3 - 3*t**2 - 12*t + 29. Calculate the remainder when 305 is divided by y(2).
8
Suppose 47*n - 5*n = 4788. What is the remainder when n is divided by 15?
9
Suppose 64*p - 49*p = 9075. What is the remainder when p is divided by 84?
17
Let o(a) = a**2 - 129*a - 1320. Calculate the remainder when o(-18) is divided by 58.
50
Let z = -148161 + 148191. Suppose -l - 90 = -6*l. Calculate the remainder when z is divided by l.
12
Let c = -109 - -125. Suppose -11 = -s + 158. Suppose 4*u = 7 + s. What is the remainder when u is divided by c?
12
Let t = -82 + 139. Let k = 929 - 716. What is the remainder when k is divided by t?
42
Suppose -600 = -2*y + m, -3*y - 9*m = -13*m - 890. Calculate the remainder when y is divided by 9.
5
Let c be (-8)/56 + 48/(-7). Calculate the remainder when 110 is divided by (38/(6 + c))/(-2).
15
Suppose 2*a + 1515 = 2*x - 7*x, -3065 = 4*a + 3*x. Let z = -672 - a. Calculate the remainder when z is divided by 30.
8
Let f(q) = q**3 - q**2 + q + 263. Let u(t) = 2*t**3 - 2*t**2 + t + 262. Let i(o) = 3*f(o) - 2*u(o). What is the remainder when i(0) is divided by 89?
87
What is the remainder when 7484 is divided by ((-230)/230)/(1/(-13)*1)?
9
Let b be (-16)/(-9) - (-6)/27. Suppose 3*k - 122 = -2*m, -b*m + 6*k + 106 = 5*k. Calculate the remainder when m is divided by 15.
10
Suppose -2*m = w - 153, 2*m - 5*m - 3*w + 231 = 0. Let b(o) = o**3 - 10*o**2 + 10*o + 11. Calculate the remainder when m is divided by b(9).
16
Let a = -25 + 31. Let q(n) = -n**3 + 7*n**2 + 2*n - 10. Let l be q(a). Suppose -3*f = -l + 11. What is the remainder when 42 is divided by f?
6
Let q be (-5)/((-25)/(-15)) - -6. Let x be 1*6*q/6. What is the remainder when (-31 + 2)/(x/(-9)) is divided by 18?
15
Let i = -4 + 4. Suppose i = -4*j - d + 8, -j - 4*d - 31 = -6*j. Suppose 5*q = y - 84, j*q = 4*y - 0*q - 319. Calculate the remainder when y is divided by 29.
21
Let p(l) = 3*l**2 + 27. Let q be p(5). Let h = q + -89. Let g(u) = u**2 + 4*u - 8. What is the remainder when g(-8) is divided by h?
11
Suppose 5*m - 422 = -3*a + 4*m, 3*m = 3*a - 414. Suppose -8*g = 6*g - a. Calculate the remainder when 129 is divided by g.
9
Let t(f) = f**2 + 2*f - 6. Let v be t(2). Suppose -v*j - 142 + 154 = 0. What is the remainder when 39 is divided by j?
3
Let s(o) = 5*o**2 - 26*o + 14. Let q(z) = -5*z - 34. Let c be q(-8). Let v(t) = 41*t - 14. What is the remainder when v(4) is divided by s(c)?
36
Let c(d) = -28*d**2 - 16*d + 149. Let a be c(6). Let v = -919 - a. Let q(l) = 3*l**2 + 11*l - 3. What is the remainder when q(-9) is divided by v?
33
Let o = 2755 + -2659. Suppose 4*z - 52 = -d + 2*z, -5*z - 156 = -3*d. Calculate the remainder when o is divided by d.
44
Let a(c) = -14*c + 37. Let y be a(22). Let o = y + 285. Calculate the remainder when 75 is divided by o.
5
Suppose -3*m + 5*o = -13, 23*m - 25*m = o - 26. Let f(h) = -18*h + 3. Let y be f(-5). Let l = 157 - y. Calculate the remainder when l is divided by m.
9
Suppose 0*o - 5*o + h = -427, -2*h = 4*o - 350. Let i = o - 56. Calculate the remainder when 100 is divided by i.
10
Suppose -6 = 9*q - 6*q - 3*s, 5*q - 4 = 3*s. Let d = -4 + 8. Suppose -d*p + 295 = p. What is the remainder when p is divided by q?
4
Suppose -205*i = 29*i - 32526. Calculate the remainder when 1236 is divided by i.
124
Let a = 28520 + -28391. What is the remainder when 7733 is divided by a?
122
Let u(x) = -2*x**2 + 21*x + 104. Let k be u(14). Suppose 0 = 3*p - k*p + 117. What is the remainder when 116 is divided by p?
38
Let q = 25 + -16. Let c = 91 + 139. Suppose j + 5*m + c = 6*j, 5*j - 4*m = 235. Calculate the remainder when j is divided by q.
6
Suppose -1144*r + 1074*r + 700 = 0. What is the remainder when 350 is divided by r?
0
Let x = 40 + -35. Suppose 6*m - 148 = x*m. Let k = -76 + m. What is the remainder when k is divided by 38?
34
Suppose 103*x - 101*x = 444. Let a(m) = m**2 - 32*m + 298. Calculate the remainder when x is divided by a(18).
38
Calculate the remainder when (20108/33)/(4/15 + 16/40) is divided by 150.
14
Let m = 149 - 153. Calculate the remainder when (m/(-10))/((-15)/(-600)) is divided by 9.
7
Suppose 4*u - 9132 = -5*p, -2*u - 221 = 5*p - 9337. Calculate the remainder when p is divided by 83.
77
Let o be -3 - 2016/(1 + -8). Let y = 300 - o. Calculate the remainder when 209 is divided by y.
14
Let h = 776 - 1172. Let n = -268 - h. What is the remainder when n is divided by 33?
29
Let k(g) = 6*g**2 - 12*g - 20. What is the remainder when k(-7) is divided by 53?
40
Let g = -14872 + 15541. Calculate the remainder when g is divided by 48.
45
Let g(y) = 44*y**2 - 62*y - 76. What is the remainder when g(-4) is divided by 20?
16
Suppose -22*i = -16*i - 504. Suppose i = 7*q - 329. Calculate the remainder when q is divided by 13.
7
Suppose -3*y - 10*s + 536 = -12*s, s + 898 = 5*y. Calculate the remainder when 899 is divided by y.
179
Let l(k) = 4*k**3 - 19*k**2 + k + 43. What is the remainder when l(8) is divided by 24?
19
Suppose 225 = 4*r + 5*r. Let k be (-2 + (1 - -2))*r. What is the remainder when 33 is divided by k + (-15)/3 - (4 + -1)?
16
Let t(q) = -10*q + q**2 - 12 + 5*q**3 - 2 - 4*q**3 - 12*q**2. What is the remainder when 55 is divided by t(12)?
5
Let i(w) = 621*w - 3532. What is the remainder when 399 is divided by i(6)?
11
Let x(z) = -z**2 + 29*z - 130. Calculate the remainder when 808 is divided by x(19).
28
Let c(r) = -r**3 - 3*r**2 - r + 2. Let f be c(-4). Suppose 38*y - 26*y + 36 = 0. Calculate the remainder when 183 is divided by f + (-5)/(y - 2).
22
Let s = 172 - 132. Suppose 0 = -c + s - 14. Calculate the remainder when 51 is divided by c.
25
Let q(h) = 12*h**3 - 200*h**2 - 13*h - 5. Calculate the remainder when q(19) is divided by 62.
60
What is the remainder when 85 is divided by ((-182)/(-910))/((-1)/(-35))?
1
Let a = 8 + -20. Let l = a + 17. What is the remainder when 77*(-1)/(4 - l) is divided by 26?
25
Suppose -3*w + 204 = 5*y, 4*w = -w - 3*y + 340. Let m(f) = -f**3 - 21*f**2 - 16*f + 117. Calcula